{"id":8,"date":"2024-07-02T10:08:19","date_gmt":"2024-07-02T08:08:19","guid":{"rendered":"http:\/\/zenadmin.fr\/?page_id=8"},"modified":"2026-02-20T12:40:54","modified_gmt":"2026-02-20T11:40:54","slug":"accueil","status":"publish","type":"page","link":"https:\/\/zenadmin.fr\/","title":{"rendered":"Accueil"},"content":{"rendered":"\t\t<div data-elementor-type=\"wp-page\" data-elementor-id=\"8\" class=\"elementor elementor-8\">\n\t\t\t\t<div class=\"elementor-element elementor-element-d76e711 e-con-full e-flex elementor-invisible e-con e-parent\" data-id=\"d76e711\" data-element_type=\"container\" data-e-type=\"container\" data-settings=\"{&quot;animation&quot;:&quot;zoomIn&quot;}\">\n\t\t\t\t<div class=\"elementor-element elementor-element-4456082 elementor-widget__width-inherit elementor-widget elementor-widget-image\" data-id=\"4456082\" data-element_type=\"widget\" data-e-type=\"widget\" data-widget_type=\"image.default\">\n\t\t\t\t<div class=\"elementor-widget-container\">\n\t\t\t\t\t\t\t\t\t\t\t\t\t\t\t<img fetchpriority=\"high\" decoding=\"async\" width=\"4608\" height=\"993\" src=\"https:\/\/zenadmin.fr\/wp-content\/uploads\/2024\/07\/Banniere-ZenAdmin_V2.png\" class=\"attachment-full size-full wp-image-824\" alt=\"Zen Admin\" srcset=\"https:\/\/zenadmin.fr\/wp-content\/uploads\/2024\/07\/Banniere-ZenAdmin_V2.png 4608w, https:\/\/zenadmin.fr\/wp-content\/uploads\/2024\/07\/Banniere-ZenAdmin_V2-300x65.png 300w, https:\/\/zenadmin.fr\/wp-content\/uploads\/2024\/07\/Banniere-ZenAdmin_V2-1024x221.png 1024w, https:\/\/zenadmin.fr\/wp-content\/uploads\/2024\/07\/Banniere-ZenAdmin_V2-768x166.png 768w, https:\/\/zenadmin.fr\/wp-content\/uploads\/2024\/07\/Banniere-ZenAdmin_V2-1536x331.png 1536w, https:\/\/zenadmin.fr\/wp-content\/uploads\/2024\/07\/Banniere-ZenAdmin_V2-2048x441.png 2048w\" sizes=\"(max-width: 4608px) 100vw, 4608px\" \/>\t\t\t\t\t\t\t\t\t\t\t\t\t\t\t<\/div>\n\t\t\t\t<\/div>\n\t\t\t\t<\/div>\n\t\t<div class=\"elementor-element elementor-element-a776980 e-con-full e-flex e-con e-parent\" data-id=\"a776980\" data-element_type=\"container\" data-e-type=\"container\">\n\t\t\t\t<div class=\"elementor-element elementor-element-3e3cc5e elementor-widget__width-initial elementor-widget elementor-widget-heading\" data-id=\"3e3cc5e\" data-element_type=\"widget\" data-e-type=\"widget\" data-settings=\"{&quot;_animation&quot;:&quot;none&quot;}\" data-widget_type=\"heading.default\">\n\t\t\t\t<div class=\"elementor-widget-container\">\n\t\t\t\t\t<h5 class=\"elementor-heading-title elementor-size-default\">Votre activit\u00e9 est pr\u00e9cieuse, les t\u00e2ches administratives ne doivent pas \u00eatre un frein \u00e0 votre d\u00e9veloppement.<\/h5>\t\t\t\t<\/div>\n\t\t\t\t<\/div>\n\t\t\t\t<\/div>\n\t\t<div class=\"elementor-element elementor-element-7984c62 e-con-full e-flex e-con e-parent\" data-id=\"7984c62\" data-element_type=\"container\" data-e-type=\"container\">\n\t\t<div class=\"elementor-element elementor-element-cb5d317 e-con-full e-flex e-con e-child\" data-id=\"cb5d317\" data-element_type=\"container\" data-e-type=\"container\">\n\t\t\t\t<div class=\"elementor-element elementor-element-f645ce4 elementor-widget__width-inherit elementor-widget elementor-widget-text-editor\" data-id=\"f645ce4\" data-element_type=\"widget\" data-e-type=\"widget\" data-widget_type=\"text-editor.default\">\n\t\t\t\t<div class=\"elementor-widget-container\">\n\t\t\t\t\t\t\t\t\t<p>D\u00e9l\u00e9guer sans embaucher, sur site ou \u00e0 distance, avec un accompagnement \u00e0 la carte.<\/p><p>\u00a0<\/p>\t\t\t\t\t\t\t\t<\/div>\n\t\t\t\t<\/div>\n\t\t\t\t<\/div>\n\t\t\t\t<\/div>\n\t\t<div class=\"elementor-element elementor-element-4b5bf23 e-grid e-con-boxed e-con e-parent\" data-id=\"4b5bf23\" data-element_type=\"container\" data-e-type=\"container\">\n\t\t\t\t\t<div class=\"e-con-inner\">\n\t\t<div class=\"elementor-element elementor-element-de26d1e e-con-full e-flex e-con e-child\" data-id=\"de26d1e\" data-element_type=\"container\" data-e-type=\"container\">\n\t\t\t\t<div class=\"elementor-element elementor-element-dc3d5d3 elementor-widget__width-initial elementor-invisible elementor-widget elementor-widget-image\" data-id=\"dc3d5d3\" data-element_type=\"widget\" data-e-type=\"widget\" data-settings=\"{&quot;_animation&quot;:&quot;zoomIn&quot;}\" data-widget_type=\"image.default\">\n\t\t\t\t<div class=\"elementor-widget-container\">\n\t\t\t\t\t\t\t\t\t\t\t\t\t\t\t\t<a href=\"https:\/\/zenadmin.fr\/?page_id=84\">\n\t\t\t\t\t\t\t<img decoding=\"async\" width=\"455\" height=\"516\" src=\"https:\/\/zenadmin.fr\/wp-content\/uploads\/2024\/07\/Image_1.1.jpg\" class=\"elementor-animation-grow attachment-large size-large wp-image-344\" alt=\"Gestion administrative\" srcset=\"https:\/\/zenadmin.fr\/wp-content\/uploads\/2024\/07\/Image_1.1.jpg 455w, https:\/\/zenadmin.fr\/wp-content\/uploads\/2024\/07\/Image_1.1-265x300.jpg 265w\" sizes=\"(max-width: 455px) 100vw, 455px\" \/>\t\t\t\t\t\t\t\t<\/a>\n\t\t\t\t\t\t\t\t\t\t\t\t\t\t\t<\/div>\n\t\t\t\t<\/div>\n\t\t\t\t<div class=\"elementor-element elementor-element-235933d elementor-invisible elementor-widget elementor-widget-heading\" data-id=\"235933d\" data-element_type=\"widget\" data-e-type=\"widget\" data-settings=\"{&quot;_animation&quot;:&quot;zoomIn&quot;}\" data-widget_type=\"heading.default\">\n\t\t\t\t<div class=\"elementor-widget-container\">\n\t\t\t\t\t<h5 class=\"elementor-heading-title elementor-size-default\"><a href=\"https:\/\/zenadmin.fr\/?page_id=84\">Gestion administrative<\/a><\/h5>\t\t\t\t<\/div>\n\t\t\t\t<\/div>\n\t\t\t\t<\/div>\n\t\t<div class=\"elementor-element elementor-element-38c638b e-con-full e-flex e-con e-child\" data-id=\"38c638b\" data-element_type=\"container\" data-e-type=\"container\">\n\t\t\t\t<div class=\"elementor-element elementor-element-11ed80d elementor-widget__width-initial elementor-invisible elementor-widget elementor-widget-image\" data-id=\"11ed80d\" data-element_type=\"widget\" data-e-type=\"widget\" data-settings=\"{&quot;_animation&quot;:&quot;zoomIn&quot;}\" data-widget_type=\"image.default\">\n\t\t\t\t<div class=\"elementor-widget-container\">\n\t\t\t\t\t\t\t\t\t\t\t\t\t\t\t\t<a href=\"https:\/\/zenadmin.fr\/?page_id=90\">\n\t\t\t\t\t\t\t<img decoding=\"async\" width=\"455\" height=\"516\" src=\"https:\/\/zenadmin.fr\/wp-content\/uploads\/2024\/07\/Image_5.jpg\" class=\"elementor-animation-grow attachment-large size-large wp-image-80\" alt=\"Gestion commerciale\" srcset=\"https:\/\/zenadmin.fr\/wp-content\/uploads\/2024\/07\/Image_5.jpg 455w, https:\/\/zenadmin.fr\/wp-content\/uploads\/2024\/07\/Image_5-265x300.jpg 265w\" sizes=\"(max-width: 455px) 100vw, 455px\" \/>\t\t\t\t\t\t\t\t<\/a>\n\t\t\t\t\t\t\t\t\t\t\t\t\t\t\t<\/div>\n\t\t\t\t<\/div>\n\t\t\t\t<div class=\"elementor-element elementor-element-4ff74b1 elementor-widget__width-initial elementor-invisible elementor-widget elementor-widget-heading\" data-id=\"4ff74b1\" data-element_type=\"widget\" data-e-type=\"widget\" data-settings=\"{&quot;_animation&quot;:&quot;zoomIn&quot;}\" data-widget_type=\"heading.default\">\n\t\t\t\t<div class=\"elementor-widget-container\">\n\t\t\t\t\t<h5 class=\"elementor-heading-title elementor-size-default\"><a href=\"https:\/\/zenadmin.fr\/?page_id=90\">Gestion commerciale<\/a><\/h5>\t\t\t\t<\/div>\n\t\t\t\t<\/div>\n\t\t\t\t<\/div>\n\t\t<div class=\"elementor-element elementor-element-5251096 e-con-full e-flex e-con e-child\" data-id=\"5251096\" data-element_type=\"container\" data-e-type=\"container\">\n\t\t\t\t<div class=\"elementor-element elementor-element-7be2ca0 elementor-widget__width-initial elementor-invisible elementor-widget elementor-widget-image\" data-id=\"7be2ca0\" data-element_type=\"widget\" data-e-type=\"widget\" data-settings=\"{&quot;_animation&quot;:&quot;zoomIn&quot;}\" data-widget_type=\"image.default\">\n\t\t\t\t<div class=\"elementor-widget-container\">\n\t\t\t\t\t\t\t\t\t\t\t\t\t\t\t\t<a href=\"https:\/\/zenadmin.fr\/?page_id=86\">\n\t\t\t\t\t\t\t<img loading=\"lazy\" decoding=\"async\" width=\"390\" height=\"427\" src=\"https:\/\/zenadmin.fr\/wp-content\/uploads\/2024\/07\/Image_2.2.jpg\" class=\"elementor-animation-grow attachment-large size-large wp-image-1089\" alt=\"Gestion RH\" srcset=\"https:\/\/zenadmin.fr\/wp-content\/uploads\/2024\/07\/Image_2.2.jpg 390w, https:\/\/zenadmin.fr\/wp-content\/uploads\/2024\/07\/Image_2.2-274x300.jpg 274w\" sizes=\"(max-width: 390px) 100vw, 390px\" \/>\t\t\t\t\t\t\t\t<\/a>\n\t\t\t\t\t\t\t\t\t\t\t\t\t\t\t<\/div>\n\t\t\t\t<\/div>\n\t\t\t\t<div class=\"elementor-element elementor-element-f487fcf elementor-widget__width-initial elementor-invisible elementor-widget elementor-widget-heading\" data-id=\"f487fcf\" data-element_type=\"widget\" data-e-type=\"widget\" data-settings=\"{&quot;_animation&quot;:&quot;zoomIn&quot;}\" data-widget_type=\"heading.default\">\n\t\t\t\t<div class=\"elementor-widget-container\">\n\t\t\t\t\t<h5 class=\"elementor-heading-title elementor-size-default\"><a href=\"https:\/\/zenadmin.fr\/?page_id=86\">Gestion RH<\/a><\/h5>\t\t\t\t<\/div>\n\t\t\t\t<\/div>\n\t\t\t\t<\/div>\n\t\t<div class=\"elementor-element elementor-element-8e0377c e-con-full e-flex e-con e-child\" data-id=\"8e0377c\" data-element_type=\"container\" data-e-type=\"container\">\n\t\t\t\t<div class=\"elementor-element elementor-element-fd910f5 elementor-widget__width-initial elementor-invisible elementor-widget elementor-widget-image\" data-id=\"fd910f5\" data-element_type=\"widget\" data-e-type=\"widget\" data-settings=\"{&quot;_animation&quot;:&quot;zoomIn&quot;}\" data-widget_type=\"image.default\">\n\t\t\t\t<div class=\"elementor-widget-container\">\n\t\t\t\t\t\t\t\t\t\t\t\t\t\t\t\t<a href=\"https:\/\/zenadmin.fr\/?page_id=88\">\n\t\t\t\t\t\t\t<img loading=\"lazy\" decoding=\"async\" width=\"641\" height=\"700\" src=\"https:\/\/zenadmin.fr\/wp-content\/uploads\/2024\/07\/Image_3.1.jpg\" class=\"elementor-animation-grow attachment-large size-large wp-image-284\" alt=\"Gestion du quotidien\" srcset=\"https:\/\/zenadmin.fr\/wp-content\/uploads\/2024\/07\/Image_3.1.jpg 641w, https:\/\/zenadmin.fr\/wp-content\/uploads\/2024\/07\/Image_3.1-275x300.jpg 275w\" sizes=\"(max-width: 641px) 100vw, 641px\" \/>\t\t\t\t\t\t\t\t<\/a>\n\t\t\t\t\t\t\t\t\t\t\t\t\t\t\t<\/div>\n\t\t\t\t<\/div>\n\t\t\t\t<div class=\"elementor-element elementor-element-595d2ea elementor-widget__width-initial elementor-widget-mobile__width-initial elementor-invisible elementor-widget elementor-widget-heading\" data-id=\"595d2ea\" data-element_type=\"widget\" data-e-type=\"widget\" data-settings=\"{&quot;_animation&quot;:&quot;zoomIn&quot;}\" data-widget_type=\"heading.default\">\n\t\t\t\t<div class=\"elementor-widget-container\">\n\t\t\t\t\t<h5 class=\"elementor-heading-title elementor-size-default\"><a href=\"https:\/\/zenadmin.fr\/?page_id=88\">Gestion du quotidien<\/a><\/h5>\t\t\t\t<\/div>\n\t\t\t\t<\/div>\n\t\t\t\t<\/div>\n\t\t<div class=\"elementor-element elementor-element-be05fa1 e-con-full e-flex e-con e-child\" data-id=\"be05fa1\" data-element_type=\"container\" data-e-type=\"container\">\n\t\t\t\t<div class=\"elementor-element elementor-element-18247f0 elementor-widget__width-initial elementor-widget-mobile__width-initial elementor-widget elementor-widget-heading\" data-id=\"18247f0\" data-element_type=\"widget\" data-e-type=\"widget\" data-widget_type=\"heading.default\">\n\t\t\t\t<div class=\"elementor-widget-container\">\n\t\t\t\t\t<h4 class=\"elementor-heading-title elementor-size-default\">Petit quiz<\/h4>\t\t\t\t<\/div>\n\t\t\t\t<\/div>\n\t\t\t\t<div class=\"elementor-element elementor-element-27a4d63 elementor-widget__width-initial elementor-absolute elementor-widget elementor-widget-image\" data-id=\"27a4d63\" data-element_type=\"widget\" data-e-type=\"widget\" data-settings=\"{&quot;_position&quot;:&quot;absolute&quot;}\" data-widget_type=\"image.default\">\n\t\t\t\t<div class=\"elementor-widget-container\">\n\t\t\t\t\t\t\t\t\t\t\t\t\t\t\t<img loading=\"lazy\" decoding=\"async\" width=\"219\" height=\"800\" src=\"https:\/\/zenadmin.fr\/wp-content\/uploads\/2024\/07\/Crayon_2.png\" class=\"attachment-large size-large wp-image-664\" alt=\"Crayon\" srcset=\"https:\/\/zenadmin.fr\/wp-content\/uploads\/2024\/07\/Crayon_2.png 219w, https:\/\/zenadmin.fr\/wp-content\/uploads\/2024\/07\/Crayon_2-82x300.png 82w\" sizes=\"(max-width: 219px) 100vw, 219px\" \/>\t\t\t\t\t\t\t\t\t\t\t\t\t\t\t<\/div>\n\t\t\t\t<\/div>\n\t\t\t\t<div class=\"elementor-element elementor-element-438519c elementor-widget__width-initial elementor-widget elementor-widget-heading\" data-id=\"438519c\" data-element_type=\"widget\" data-e-type=\"widget\" data-widget_type=\"heading.default\">\n\t\t\t\t<div class=\"elementor-widget-container\">\n\t\t\t\t\t<h5 class=\"elementor-heading-title elementor-size-default\">Avez-vous besoin d'une assistante ind\u00e9pendante?<\/h5>\t\t\t\t<\/div>\n\t\t\t\t<\/div>\n\t\t\t\t<div class=\"elementor-element elementor-element-05f6ca0 elementor-widget__width-initial elementor-widget elementor-widget-text-editor\" data-id=\"05f6ca0\" data-element_type=\"widget\" data-e-type=\"widget\" data-widget_type=\"text-editor.default\">\n\t\t\t\t<div class=\"elementor-widget-container\">\n\t\t\t\t\t\t\t\t\t<p><a href=\"https:\/\/zenadmin.fr\/?page_id=84\">\u25a1<\/a> Vous souhaitez d\u00e9l\u00e9guer des t\u00e2ches administratives?<\/p><p><a href=\"https:\/\/zenadmin.fr\/?page_id=90\">\u25a1<\/a> Vous manquez de temps pour la r\u00e9daction de devis et facturation?<\/p><p><a href=\"https:\/\/zenadmin.fr\/?page_id=86\">\u25a1<\/a> La gestion du personnel est difficile seul?<\/p><p><a href=\"https:\/\/zenadmin.fr\/?page_id=88\">\u25a1<\/a> Vous vous dites qu&rsquo;avoir une assistante ne serait pas si mal?<\/p>\t\t\t\t\t\t\t\t<\/div>\n\t\t\t\t<\/div>\n\t\t\t\t<div class=\"elementor-element elementor-element-f218020 elementor-widget elementor-widget-text-editor\" data-id=\"f218020\" data-element_type=\"widget\" data-e-type=\"widget\" data-widget_type=\"text-editor.default\">\n\t\t\t\t<div class=\"elementor-widget-container\">\n\t\t\t\t\t\t\t\t\t<p><strong>Si vous cochez au moins une de ces cases, alors vous \u00eates au bon endroit.<\/strong><\/p>\t\t\t\t\t\t\t\t<\/div>\n\t\t\t\t<\/div>\n\t\t\t\t<\/div>\n\t\t\t\t\t<\/div>\n\t\t\t\t<\/div>\n\t\t<div class=\"elementor-element elementor-element-39a1e94 e-flex e-con-boxed e-con e-parent\" data-id=\"39a1e94\" data-element_type=\"container\" data-e-type=\"container\">\n\t\t\t\t\t<div class=\"e-con-inner\">\n\t\t<div class=\"elementor-element elementor-element-db35b9b e-con-full e-flex e-con e-child\" data-id=\"db35b9b\" data-element_type=\"container\" data-e-type=\"container\">\n\t\t\t\t<div class=\"elementor-element elementor-element-be9b347 elementor-widget elementor-widget-heading\" data-id=\"be9b347\" data-element_type=\"widget\" data-e-type=\"widget\" data-widget_type=\"heading.default\">\n\t\t\t\t<div class=\"elementor-widget-container\">\n\t\t\t\t\t<h4 class=\"elementor-heading-title elementor-size-default\">Pour toute question ou information suppl\u00e9mentaire:<\/h4>\t\t\t\t<\/div>\n\t\t\t\t<\/div>\n\t\t\t\t<div class=\"elementor-element elementor-element-c973aea elementor-widget elementor-widget-button\" data-id=\"c973aea\" data-element_type=\"widget\" data-e-type=\"widget\" data-widget_type=\"button.default\">\n\t\t\t\t<div class=\"elementor-widget-container\">\n\t\t\t\t\t\t\t\t\t<div class=\"elementor-button-wrapper\">\n\t\t\t\t\t<a class=\"elementor-button elementor-button-link elementor-size-sm\" href=\"https:\/\/zenadmin.fr\/?page_id=42\">\n\t\t\t\t\t\t<span class=\"elementor-button-content-wrapper\">\n\t\t\t\t\t\t\t\t\t<span class=\"elementor-button-text\">Me contacter<\/span>\n\t\t\t\t\t<\/span>\n\t\t\t\t\t<\/a>\n\t\t\t\t<\/div>\n\t\t\t\t\t\t\t\t<\/div>\n\t\t\t\t<\/div>\n\t\t\t\t<\/div>\n\t\t\t\t\t<\/div>\n\t\t\t\t<\/div>\n\t\t\t\t<\/div>\n\t\t","protected":false},"excerpt":{"rendered":"<p>Votre activit\u00e9 est pr\u00e9cieuse, les t\u00e2ches administratives ne doivent pas \u00eatre un frein \u00e0 votre d\u00e9veloppement. D\u00e9l\u00e9guer sans embaucher, sur site ou \u00e0 distance, avec un accompagnement \u00e0 la carte. \u00a0 Gestion administrative Gestion commerciale Gestion RH Gestion du quotidien Petit quiz Avez-vous besoin d&rsquo;une assistante ind\u00e9pendante? \u25a1 Vous souhaitez d\u00e9l\u00e9guer des t\u00e2ches administratives? \u25a1 [&hellip;]<\/p>\n","protected":false},"author":1,"featured_media":0,"parent":0,"menu_order":0,"comment_status":"closed","ping_status":"closed","template":"","meta":{"om_disable_all_campaigns":false,"_monsterinsights_skip_tracking":false,"_monsterinsights_sitenote_active":false,"_monsterinsights_sitenote_note":"","_monsterinsights_sitenote_category":0,"footnotes":""},"class_list":["post-8","page","type-page","status-publish","hentry"],"aioseo_notices":[],"_links":{"self":[{"href":"https:\/\/zenadmin.fr\/index.php?rest_route=\/wp\/v2\/pages\/8","targetHints":{"allow":["GET"]}}],"collection":[{"href":"https:\/\/zenadmin.fr\/index.php?rest_route=\/wp\/v2\/pages"}],"about":[{"href":"https:\/\/zenadmin.fr\/index.php?rest_route=\/wp\/v2\/types\/page"}],"author":[{"embeddable":true,"href":"https:\/\/zenadmin.fr\/index.php?rest_route=\/wp\/v2\/users\/1"}],"replies":[{"embeddable":true,"href":"https:\/\/zenadmin.fr\/index.php?rest_route=%2Fwp%2Fv2%2Fcomments&post=8"}],"version-history":[{"count":298,"href":"https:\/\/zenadmin.fr\/index.php?rest_route=\/wp\/v2\/pages\/8\/revisions"}],"predecessor-version":[{"id":1124,"href":"https:\/\/zenadmin.fr\/index.php?rest_route=\/wp\/v2\/pages\/8\/revisions\/1124"}],"wp:attachment":[{"href":"https:\/\/zenadmin.fr\/index.php?rest_route=%2Fwp%2Fv2%2Fmedia&parent=8"}],"curies":[{"name":"wp","href":"https:\/\/api.w.org\/{rel}","templated":true}]}}